vative of 2*c**3/3 - 5*c**2/2 - 4*c + 14. What is l(4)?
8
Let r be 220/50 - (-2)/(-5). Let g(k) = 6*k**2 + 2 + 1 - r + 2. Calculate g(1).
7
Let k(r) = -1 + r**3 + 8*r - 2 + 7*r**2 - 5 - 3*r. Determine k(-6).
-2
Let w(p) = 3*p - 1. Let v = -56 - -58. What is w(v)?
5
Let a(t) = t**3 - t**2 + 1. Let j(y) = -1 + 0 + 2 + 4*y**3 - 2*y**2 + 3*y**2. Let l(i) = 3*a(i) - j(i). What is l(-3)?
-7
Let s(g) = g**2 + 4*g + 3. Let n(w) = -2*w**2 - 9*w - 7. Let r(p) = -6*n(p) - 13*s(p). Give r(4).
-5
Let y(a) = a**2 - 7*a + 5. Let h(f) = -3*f**2 + 21*f - 14. Let g(r) = -6*h(r) - 17*y(r). What is g(6)?
-7
Let i = -5 - -11. Let w(k) = 2*k**2 - 10*k + 4. Let j(b) = b**2 - 5*b + 2. Let t(z) = i*w(z) - 13*j(z). Give t(4).
2
Let l(z) = -z**3 - 7*z**2 + 7*z - 6. Let d be l(-8). Let q(a) = 4*a - 2. What is q(d)?
6
Let m(v) = -v**3 - 8*v**2 - 2*v - 3. Let b = -73 - -65. What is m(b)?
13
Suppose a + 2*l - 1 - 10 = 0, 3*a - 3 = 4*l. Suppose -v = 3*p - 3*v - 14, -a*v = 3*p - 7. Let f(g) = 2*g - 5*g + 5*g - g. Calculate f(p).
4
Let q(z) = -z + 1. Suppose -u + 5*r + 6 = 4, 4*r = -4*u + 8. Give q(u).
-1
Suppose -16 = 2*r + 2*r - 4*n, 0 = 2*r - 3*n + 9. Let v(l) = l + 5. Give v(r).
2
Suppose 0 = -14*w - 6 - 8. Let r(p) = -2*p. Determine r(w).
2
Let x(t) = t**3 + 4*t**2 + 3*t - 3. Let p be x(-3). Let b(r) = 2*r + 2. Determine b(p).
-4
Let h(s) = s**2 - s. Suppose -k = 2*f + 1 - 2, 0 = -2*k - 6. Calculate h(f).
2
Let q(v) = v**3 + 2*v**2 - 3*v - 4. Let t(k) = -k + 8. Let a be t(6). Let h be (-3)/5 - 2/5. Let i be (a + h)/((-1)/3). Calculate q(i).
-4
Let p(q) = q**2 - 1. Let t = 23 - 24. Determine p(t).
0
Let u(t) = t - 1. Let f(s) = s**2 - 3*s + 3. Let g(x) = -f(x) - 4*u(x). Calculate g(-3).
-5
Let b(n) = -21*n - 16. Let f(x) = x + 1. Let j be f(-3). Let s(k) = -4*k - 3. Let r(o) = j*b(o) + 11*s(o). Let z be 1 - ((-18)/8 + (-12)/(-48)). Determine r(z).
-7
Let z = 74 + -84. Let o(k) = -k - 4. Calculate o(z).
6
Suppose -4*r = -9 - 19. Let m be r/14*-4*1. Let a(v) = -4*v + 2. Calculate a(m).
10
Let d(m) = m - 14. Let q(b) = -1. Let o(r) = d(r) - 6*q(r). Determine o(6).
-2
Let w(a) = a**3 + 5*a**2 + 7*a - 7. Let r(c) = 4*c**3 + 19*c**2 + 29*c - 28. Let s(v) = -2*r(v) + 9*w(v). Let q = 327 - 333. Give s(q).
-1
Let v(u) = u**3 + 2*u**2 - 12*u + 20. Let d be v(-5). Let r(s) = -s**3 + 5*s**2 + 7*s - 3. Let h(z) = z + 1. Let f(j) = 4*h(j) - r(j). Give f(d).
-8
Suppose 0 = -3*s + 1 + 5. Suppose -4*y = -s*y - 8. Suppose 9*m = y*m - 10. Let a(r) = -r. What is a(m)?
2
Suppose 4*n - 9 = a - 15, -n = a + 9. Let r(x) = -5 - x**3 + 1 - 4 - 7*x**2 - 7*x. Determine r(a).
-2
Suppose -2*d = -5*d + 12. Let v(f) = -f + d - f + f. Let c(u) = 3*u + 49. Let a be c(-15). Calculate v(a).
0
Suppose -5*w + 2*v = 5, -5*w + 10 = -8*v + 3*v. Let d be w*((-2)/3)/1. Let i(a) = a**3 - 3*a**2 - 3*a + 1. Calculate i(d).
-9
Let n(v) = 3 - v**2 + 0*v + 3*v - 4*v. Calculate n(0).
3
Let y(c) = 196*c + c**2 + 3 + 2*c**2 - 4*c**2 - 202*c. What is y(-7)?
-4
Let k = 125 + -118. Let y(m) = m**3 - 8*m**2 + 6*m - 8. Determine y(k).
-15
Let y(z) = -z**2 + 7*z + 1. Suppose -8*g = -3*g - 15. Calculate y(g).
13
Let b(z) = z**3 + z**2 + z + 2. Let k(n) = n**2 + 15*n - 18. Let u be k(-16). Calculate b(u).
-4
Let d(y) = 55*y**2 + 4*y - 54*y**2 + 0*y. Give d(-4).
0
Let y(b) = -2*b**2 + 1. Let c(k) = k**2 - k. Let g(j) = -3*c(j) - 2*y(j). What is g(-5)?
8
Let m(i) = 10 + i - i - i. Let r be ((-60)/18)/((-6)/9). Suppose -r*b + 8 = 4*j, -1 = -3*j + 5. Determine m(b).
10
Let u(o) be the second derivative of 0 + 2*o + 1/6*o**3 + 0*o**2. Give u(-4).
-4
Let k(z) = -z + 4 + 2*z**2 - 6*z + 3*z - z**2. Suppose -10 = -g - 2*w, w = 4*g - 1 - 12. Give k(g).
4
Let y be 0/(0 - (-4 - -2)). Suppose 4*u - 16 = -y*u. Let q(p) = -6*p - 8 + 4*p**2 - 3*p**2 + 11. What is q(u)?
-5
Let s(b) = -3*b**2 + 2*b. Let r(y) = 1. Let p(l) = 2*l + 2 + 4*l - 7*l. Let a be p(0). Let w(i) = a*r(i) + s(i). Determine w(2).
-6
Let p(i) = 5*i**3 - i**2 + i + 2. Let l(n) = n**3. Let q(j) = -6*l(j) + p(j). Suppose 4*z + 0*w + 2*w = -2, -2*z - 2*w + 2 = 0. What is q(z)?
4
Let c(h) = 3*h**2 + 1. Suppose 10 = 4*v - 3*j, -j - 10 = -3*v - 0*j. Let q be 1/(-2)*(-2 - 2). Suppose -3*p - 1 = 3*z + 14, -q*z = -v*p - 14. Determine c(z).
4
Let t(z) = z**3 - 3*z**2 - 3*z + 3. Let x = -1 + -7. Let l = -4 - x. What is t(l)?
7
Let y(k) be the first derivative of 3*k**2/2 - 7*k - 2. Determine y(5).
8
Let t(r) be the third derivative of 1/3*r**4 + 0*r + r**2 + 7/6*r**3 + 1/60*r**5 + 0. Let q(p) = -3*p**2 - 3*p. Let o be q(-2). Determine t(o).
-5
Let u(c) = -c. Suppose 2 = -2*r + 4. Determine u(r).
-1
Let i(g) = -4*g - 52 - 7*g**2 - 5*g + 43 - g**3. Calculate i(-6).
9
Let a(r) be the second derivative of -r**3/3 - 3*r**2/2 - 18*r. What is a(5)?
-13
Let l = 2 + -1. Let a(i) = 4*i**2 + 2*i - 1. Let o be a(l). Let g(h) be the third derivative of h**4/24 - h**3/6 + h**2. Calculate g(o).
4
Let z = -12 + 16. Let a(v) be the third derivative of -v**7/2520 + v**6/144 + v**5/30 + v**2. Let o(w) be the third derivative of a(w). What is o(z)?
-3
Let v(c) = 3 - 5 - 2*c + 3 - 4. Determine v(3).
-9
Let p(k) be the second derivative of -k**2/2 + k. Let m(g) = 2*g - 1. Let s(b) = -m(b) - 6*p(b). Calculate s(5).
-3
Let u(k) = k**2 - 3*k + 4. Let s be u(2). Let n(l) = -4 - 2 + 0 - s*l. Determine n(-5).
4
Suppose -p + 4 = 3*p. Let w be (2 - 1)*(-4 + -1). Let c(z) = -12*z**3 + 4*z + 7. Let t(d) = 11*d**3 - 3*d - 6. Let l(f) = w*c(f) - 6*t(f). What is l(p)?
-7
Suppose 3*g + 3*v + 13 = 1, -4*v = -g + 6. Let l(f) = -f**3 + f**2 + 3*f + 3. Give l(g).
9
Let v(b) = 2*b - 6. Let i be (27/6 - 4)*18. Suppose -20 = 5*l - i*l. Calculate v(l).
4
Suppose 4*l = -2*a + 10, -5*a + 5 = -0. Let n(t) = -t - t**3 + l*t**3 + 0*t**2 + t**2 + 10. What is n(0)?
10
Let d be (-1)/(3 + -2) - 2. Let m(f) = -f - 6. Let i be m(d). Let a be (-5)/i + 6/(-9). Let u(p) = 5*p - 1. Determine u(a).
4
Suppose -6 = x - r - 0, -3*x - 3*r - 18 = 0. Let t be (x/5)/((-12)/(-30)). Let z(g) = g**3 + 5*g**2 + 5*g + 3. What is z(t)?
6
Let r(y) = 4*y + 6*y - 3 - 11*y + 0. Let o be (-10)/25 - (-4)/10. Give r(o).
-3
Suppose 15 = 2*g + 3*g - 5*n, 4*g = -3*n - 16. Let y(r) = -5*r**3 - 1 - r + 0 - r**2 - 3*r**3. Determine y(g).
7
Let h(x) be the second derivative of 0*x**4 - x + x**3 - 1/10*x**5 + x**2 - 1/120*x**6 + 0. Let l(p) be the first derivative of h(p). Calculate l(-6).
6
Let n(f) = -27*f**3 + 4*f**2 + 4*f + 0 - 10*f**2 + 28*f**3 + 2. Let y(d) = d**2 + 7*d - 4. Let b be y(-8). Calculate n(b).
-14
Let c(f) = 6*f**2 - f**2 + 3 + 2*f - 4*f**2. Determine c(-3).
6
Let i(x) = x + 1. Let o(r) = -7*r - 9. Let j(n) = 24*i(n) + 3*o(n). Suppose 0 = -4*g + 7 + 1. Give j(g).
3
Let s(k) = k - 2. Let a be s(4). Let z(p) = 2*p**2 + p - 2. Calculate z(a).
8
Suppose o - 2*b + 24 = 6*o, -3*o + 8 = -2*b. Let z = -2 + o. Let y(c) be the third derivative of c**4/24 - c**3/2 + c**2. Calculate y(z).
-1
Let a(i) be the third derivative of -5*i**4/24 - i**3/2 + 3*i**2. Let o(z) = -z**2 + 8*z + 7. Let l be o(9). Give a(l).
7
Let w = -2 + 2. Let r(l) = 3 + 3 + l - 3 - 2 + l**3. Calculate r(w).
1
Let s(g) = g**3 - 3*g**2 - 3*g. Suppose -2*r + 3*r - 4 = 0. Let h(l) = -l**3 - 4*l**2 - 3*l + 2. Let j be h(-3). Suppose -j*f + r + 4 = 0. Calculate s(f).
4
Let f(u) = 5*u + 5. Let q(g) = 6*g + 5. Let c(x) = -5*f(x) + 4*q(x). Suppose -7*z = -2*z. Give c(z).
-5
Let i(u) = -7*u - 1. Let s(z) = -z**2 - 5*z + 7. Let g be s(-6). Calculate i(g).
-8
Let q(b) = -3*b + 1. Let i(u) = -2*u + 1. Let c(d) = -7*i(d) + 4*q(d). Let l = 35 - 19. Suppose 0 = 3*y + o - l, -2*y - 5*o = -y - 10. Calculate c(y).
7
Suppose 4*k - s = -13, -2*k - 2*s - 2 = 2*s. Let x(u) be the first derivative of u**3/3 + u**2 + 3*u - 1. Calculate x(k).
6
Let g(d) = -4 + 4*d - d - 2*d + d. Determine g(5).
6
Let v(k) = k**2 - 10*k + 7. Let d be v(10). Let h(i) = -2 + d*i - 13*i + 7*i. Calculate h(5).
3
Let v(g) = -11*g - 8*g**2 - 4*g + 7*g**2 - 8. Let j(d) = 2*d**2 + 31*d + 16. Let b(y) = -6*j(y) - 13*v(y). What is b(-6)?
-10
Suppose 19 = p - 5*s, 2*p + 5*s = -0*p - 37. Let a(r) = -r**2 - 6*r - 2. Determine a(p).
-2
Let z be (-1)/2*(10 + (-4)/1). Let s = 6 + -4. Let a(d) = -2*d - d + 4 + 4*d**s - d**3 - 8*d**2. Calculate a(z).
4
Let g(u) be the second derivative of u**4/12 - u**3/2 + u**2/2 + u. Suppose -4*k = 3*s + k - 26, -2*s + 